[INFO] cloning repository https://github.com/mpapierski/blake_test
[INFO] running `Command { std: "git" "-c" "credential.helper=" "-c" "credential.helper=/workspace/cargo-home/bin/git-credential-null" "clone" "--bare" "https://github.com/mpapierski/blake_test" "/workspace/cache/git-repos/https%3A%2F%2Fgithub.com%2Fmpapierski%2Fblake_test", kill_on_drop: false }`
[INFO] [stderr] Cloning into bare repository '/workspace/cache/git-repos/https%3A%2F%2Fgithub.com%2Fmpapierski%2Fblake_test'...
[INFO] running `Command { std: "git" "rev-parse" "HEAD", kill_on_drop: false }`
[INFO] [stdout] 3d6a714707b59afbefb3b88c4101722038330dce
[INFO] checking mpapierski/blake_test against try#72f88fc4e9458f89516a0b8b0868f3718aec5b47 for pr-74989
[INFO] running `Command { std: "git" "clone" "/workspace/cache/git-repos/https%3A%2F%2Fgithub.com%2Fmpapierski%2Fblake_test" "/workspace/builds/worker-14/source", kill_on_drop: false }`
[INFO] [stderr] Cloning into '/workspace/builds/worker-14/source'...
[INFO] [stderr] done.
[INFO] validating manifest of git repo https://github.com/mpapierski/blake_test on toolchain 72f88fc4e9458f89516a0b8b0868f3718aec5b47
[INFO] running `Command { std: "/workspace/cargo-home/bin/cargo" "+72f88fc4e9458f89516a0b8b0868f3718aec5b47" "read-manifest" "--manifest-path" "Cargo.toml", kill_on_drop: false }`
[INFO] started tweaking git repo https://github.com/mpapierski/blake_test
[INFO] finished tweaking git repo https://github.com/mpapierski/blake_test
[INFO] tweaked toml for git repo https://github.com/mpapierski/blake_test written to /workspace/builds/worker-14/source/Cargo.toml
[INFO] crate git repo https://github.com/mpapierski/blake_test already has a lockfile, it will not be regenerated
[INFO] running `Command { std: "/workspace/cargo-home/bin/cargo" "+72f88fc4e9458f89516a0b8b0868f3718aec5b47" "fetch" "--locked" "--manifest-path" "Cargo.toml", kill_on_drop: false }`
[INFO] [stderr]  Downloading crates ...
[INFO] [stderr]   Downloaded rustc-hex v2.0.1
[INFO] [stderr]   Downloaded crunchy v0.2.2
[INFO] [stderr]   Downloaded num-iter v0.1.38
[INFO] [stderr]   Downloaded proptest v0.9.3
[INFO] [stderr]   Downloaded blake2 v0.8.0
[INFO] [stderr]   Downloaded wee_alloc v0.4.4
[INFO] [stderr]   Downloaded uint v0.6.1
[INFO] [stderr]   Downloaded casperlabs-contract-ffi v0.5.0
[INFO] running `Command { std: "docker" "create" "-v" "/var/lib/crater-agent-workspace/builds/worker-14/target:/opt/rustwide/target:rw,Z" "-v" "/var/lib/crater-agent-workspace/builds/worker-14/source:/opt/rustwide/workdir:ro,Z" "-v" "/var/lib/crater-agent-workspace/cargo-home:/opt/rustwide/cargo-home:ro,Z" "-v" "/var/lib/crater-agent-workspace/rustup-home:/opt/rustwide/rustup-home:ro,Z" "-e" "SOURCE_DIR=/opt/rustwide/workdir" "-e" "CARGO_TARGET_DIR=/opt/rustwide/target" "-e" "CARGO_HOME=/opt/rustwide/cargo-home" "-e" "RUSTUP_HOME=/opt/rustwide/rustup-home" "-w" "/opt/rustwide/workdir" "-m" "1610612736" "--user" "0:0" "--network" "none" "rustops/crates-build-env@sha256:d92eaeed33fa75130ca1ee6c8a01d1ffb62bac859dfdfb3450e3e5d1c0146529" "/opt/rustwide/cargo-home/bin/cargo" "+72f88fc4e9458f89516a0b8b0868f3718aec5b47" "metadata" "--no-deps" "--format-version=1", kill_on_drop: false }`
[INFO] [stdout] 4ad4be0c1067ee7edcffa5bccc571dbe26da69794177f7754e872cb1e91d2ff7
[INFO] [stderr] WARNING: Your kernel does not support swap limit capabilities or the cgroup is not mounted. Memory limited without swap.
[INFO] running `Command { std: "docker" "start" "-a" "4ad4be0c1067ee7edcffa5bccc571dbe26da69794177f7754e872cb1e91d2ff7", kill_on_drop: false }`
[INFO] running `Command { std: "docker" "inspect" "4ad4be0c1067ee7edcffa5bccc571dbe26da69794177f7754e872cb1e91d2ff7", kill_on_drop: false }`
[INFO] running `Command { std: "docker" "rm" "-f" "4ad4be0c1067ee7edcffa5bccc571dbe26da69794177f7754e872cb1e91d2ff7", kill_on_drop: false }`
[INFO] [stdout] 4ad4be0c1067ee7edcffa5bccc571dbe26da69794177f7754e872cb1e91d2ff7
[INFO] running `Command { std: "docker" "create" "-v" "/var/lib/crater-agent-workspace/builds/worker-14/target:/opt/rustwide/target:rw,Z" "-v" "/var/lib/crater-agent-workspace/builds/worker-14/source:/opt/rustwide/workdir:ro,Z" "-v" "/var/lib/crater-agent-workspace/cargo-home:/opt/rustwide/cargo-home:ro,Z" "-v" "/var/lib/crater-agent-workspace/rustup-home:/opt/rustwide/rustup-home:ro,Z" "-e" "SOURCE_DIR=/opt/rustwide/workdir" "-e" "CARGO_TARGET_DIR=/opt/rustwide/target" "-e" "CARGO_INCREMENTAL=0" "-e" "RUST_BACKTRACE=full" "-e" "RUSTFLAGS=--cap-lints=forbid" "-e" "CARGO_HOME=/opt/rustwide/cargo-home" "-e" "RUSTUP_HOME=/opt/rustwide/rustup-home" "-w" "/opt/rustwide/workdir" "-m" "1610612736" "--user" "0:0" "--network" "none" "rustops/crates-build-env@sha256:d92eaeed33fa75130ca1ee6c8a01d1ffb62bac859dfdfb3450e3e5d1c0146529" "/opt/rustwide/cargo-home/bin/cargo" "+72f88fc4e9458f89516a0b8b0868f3718aec5b47" "check" "--frozen" "--all" "--all-targets" "--message-format=json", kill_on_drop: false }`
[INFO] [stdout] 25064db94e307da54c699200262cef6831eadf13e1e89b3b69ee5b237de1e00d
[INFO] [stderr] WARNING: Your kernel does not support swap limit capabilities or the cgroup is not mounted. Memory limited without swap.
[INFO] running `Command { std: "docker" "start" "-a" "25064db94e307da54c699200262cef6831eadf13e1e89b3b69ee5b237de1e00d", kill_on_drop: false }`
[INFO] [stderr]    Compiling libc v0.2.55
[INFO] [stderr]    Compiling cc v1.0.37
[INFO] [stderr]    Compiling typenum v1.10.0
[INFO] [stderr]    Compiling syn v0.15.34
[INFO] [stderr]    Compiling byteorder v1.3.1
[INFO] [stderr]    Compiling num-rational v0.2.1
[INFO] [stderr]    Compiling num-complex v0.2.1
[INFO] [stderr]     Checking rustc-hex v2.0.1
[INFO] [stderr]     Checking subtle v1.0.0
[INFO] [stderr]    Compiling num-traits v0.2.7
[INFO] [stderr]    Compiling num-integer v0.1.40
[INFO] [stderr]    Compiling rand v0.6.5
[INFO] [stderr]    Compiling backtrace v0.3.20
[INFO] [stderr]    Compiling num-iter v0.1.38
[INFO] [stderr]     Checking unreachable v1.0.0
[INFO] [stderr]    Compiling wee_alloc v0.4.4
[INFO] [stderr]     Checking rand_jitter v0.1.4
[INFO] [stderr]    Compiling quote v0.6.12
[INFO] [stderr]     Checking uint v0.6.1
[INFO] [stderr]    Compiling backtrace-sys v0.1.28
[INFO] [stderr]     Checking rand_os v0.1.3
[INFO] [stderr]     Checking generic-array v0.12.0
[INFO] [stderr]     Checking digest v0.8.0
[INFO] [stderr]     Checking crypto-mac v0.7.0
[INFO] [stderr]     Checking blake2 v0.8.0
[INFO] [stderr]     Checking num v0.2.0
[INFO] [stderr]     Checking proptest v0.9.3
[INFO] [stderr]    Compiling synstructure v0.10.2
[INFO] [stderr]    Compiling failure_derive v0.1.5
[INFO] [stderr]     Checking failure v0.1.5
[INFO] [stderr]     Checking casperlabs-contract-ffi v0.5.0
[INFO] [stdout] error[E0432]: unresolved import `alloc::alloc::Alloc`
[INFO] [stdout]  --> /opt/rustwide/cargo-home/registry/src/github.com-1ecc6299db9ec823/casperlabs-contract-ffi-0.5.0/src/contract_api/alloc_util.rs:2:20
[INFO] [stdout]   |
[INFO] [stdout] 2 | use alloc::alloc::{Alloc, Global};
[INFO] [stdout]   |                    ^^^^^
[INFO] [stdout]   |                    |
[INFO] [stdout]   |                    no `Alloc` in `alloc`
[INFO] [stdout]   |                    help: a similar name exists in the module: `alloc`
[INFO] [stdout] 
[INFO] [stdout] 
[INFO] [stdout] error[E0599]: no function or associated item named `uninitialized` found for union `MaybeUninit<_>` in the current scope
[INFO] [stdout]    --> /opt/rustwide/cargo-home/registry/src/github.com-1ecc6299db9ec823/casperlabs-contract-ffi-0.5.0/src/bytesrepr.rs:329:63
[INFO] [stdout]     |
[INFO] [stdout] 329 |         let mut result: MaybeUninit<[T; N256]> = MaybeUninit::uninitialized();
[INFO] [stdout]     |                                                               ^^^^^^^^^^^^^ function or associated item not found in `MaybeUninit<_>`
[INFO] [stdout] 
[INFO] [stdout] 
[INFO] [stdout] error[E0599]: no method named `into_initialized` found for union `MaybeUninit<[T; 256]>` in the current scope
[INFO] [stdout]    --> /opt/rustwide/cargo-home/registry/src/github.com-1ecc6299db9ec823/casperlabs-contract-ffi-0.5.0/src/bytesrepr.rs:337:24
[INFO] [stdout]     |
[INFO] [stdout] 337 |             Ok((result.into_initialized(), stream))
[INFO] [stdout]     |                        ^^^^^^^^^^^^^^^^ method not found in `MaybeUninit<[T; 256]>`
[INFO] [stdout] 
[INFO] [stdout] 
[INFO] [stdout] error[E0599]: no method named `alloc_array` found for struct `Global` in the current scope
[INFO] [stdout]   --> /opt/rustwide/cargo-home/registry/src/github.com-1ecc6299db9ec823/casperlabs-contract-ffi-0.5.0/src/contract_api/alloc_util.rs:11:16
[INFO] [stdout]    |
[INFO] [stdout] 11 |         Global.alloc_array(n).unwrap().as_ptr()
[INFO] [stdout]    |                ^^^^^^^^^^^ method not found in `Global`
[INFO] [stdout] 
[INFO] [stdout] 
[INFO] [stdout] error: aborting due to 4 previous errors
[INFO] [stdout] 
[INFO] [stdout] 
[INFO] [stdout] Some errors have detailed explanations: E0432, E0599.
[INFO] [stdout] 
[INFO] [stdout] For more information about an error, try `rustc --explain E0432`.
[INFO] [stdout] 
[INFO] [stderr] error: could not compile `casperlabs-contract-ffi`.
[INFO] [stderr] 
[INFO] [stderr] To learn more, run the command again with --verbose.
[INFO] running `Command { std: "docker" "inspect" "25064db94e307da54c699200262cef6831eadf13e1e89b3b69ee5b237de1e00d", kill_on_drop: false }`
[INFO] running `Command { std: "docker" "rm" "-f" "25064db94e307da54c699200262cef6831eadf13e1e89b3b69ee5b237de1e00d", kill_on_drop: false }`
[INFO] [stdout] 25064db94e307da54c699200262cef6831eadf13e1e89b3b69ee5b237de1e00d
